{"id":936,"date":"2024-04-16T14:00:30","date_gmt":"2024-04-16T12:00:30","guid":{"rendered":"https:\/\/lespetitsbonhommes.org\/?page_id=936"},"modified":"2026-02-13T11:21:26","modified_gmt":"2026-02-13T10:21:26","slug":"comment-utiliser-les-illustrations","status":"publish","type":"page","link":"https:\/\/lespetitsbonhommes.org\/index.php\/comment-utiliser-les-illustrations\/","title":{"rendered":"Comment utiliser les illustrations ?"},"content":{"rendered":"\n<p>Les illustrations sont sous licence Creative Commons.<\/p>\n\n\n\n<h2 class=\"wp-block-heading\" id=\"rights\">Vous \u00eates autoris\u00e9 \u00e0 :<\/h2>\n\n\n\n<ol class=\"wp-block-list\">\n<li><strong>Partager<\/strong> \u2014 copier, distribuer et communiquer le mat\u00e9riel par tous moyens et sous tous formats pour toute utilisation, y compris commerciale.<\/li>\n\n\n\n<li><strong>Adapter<\/strong> \u2014 remixer, transformer et cr\u00e9er \u00e0 partir du mat\u00e9riel pour toute utilisation, y compris commerciale.<\/li>\n\n\n\n<li>Je ne peux retirer les autorisations conc\u00e9d\u00e9es par la licence tant que vous appliquez les termes de cette licence.<\/li>\n<\/ol>\n\n\n\n<h2 class=\"wp-block-heading\" id=\"terms\">Selon les conditions suivantes :<\/h2>\n\n\n\n<ol class=\"wp-block-list\">\n<li><strong>Attribution<\/strong> \u2014 Vous devez <a href=\"https:\/\/creativecommons.org\/licenses\/by-sa\/4.0\/deed.fr#ref-appropriate-credit\">cr\u00e9diter<\/a> l&rsquo;illustration, int\u00e9grer un lien vers la licence et <a href=\"https:\/\/creativecommons.org\/licenses\/by-sa\/4.0\/deed.fr#ref-indicate-changes\">indiquer<\/a> si des modifications ont \u00e9t\u00e9 effectu\u00e9es \u00e0 l&rsquo;illustration. Vous devez indiquer ces informations par tous les moyens raisonnables.\n<ul class=\"wp-block-list\">\n<li class=\"has-contrast-color has-text-color has-link-color has-small-font-size wp-elements-d2cf86ac3e241261e64d68ee49732a5e\" style=\"font-style:normal;font-weight:200\">Clic droit sur l&rsquo;image qui vous convient > \u00e0 int\u00e9grer dans les cr\u00e9dits de votre production (derni\u00e8re page d&rsquo;une pr\u00e9sentation, d&rsquo;un carrousel, en petit en bas \u00e0 droite ou \u00e0 gauche d&rsquo;une affiche, etc.)<\/li>\n<\/ul>\n<\/li>\n<\/ol>\n\n\n\n<figure class=\"wp-block-image aligncenter size-large is-resized\"><img loading=\"lazy\" decoding=\"async\" width=\"1024\" height=\"171\" src=\"https:\/\/lespetitsbonhommes.org\/wp-content\/uploads\/2026\/02\/ccbysaBenoitDeHaas-horizontal-1024x171.png\" alt=\"\" class=\"wp-image-2144\" style=\"aspect-ratio:5.987685945939027;width:389px;height:auto\" srcset=\"https:\/\/lespetitsbonhommes.org\/wp-content\/uploads\/2026\/02\/ccbysaBenoitDeHaas-horizontal-1024x171.png 1024w, https:\/\/lespetitsbonhommes.org\/wp-content\/uploads\/2026\/02\/ccbysaBenoitDeHaas-horizontal-300x50.png 300w, https:\/\/lespetitsbonhommes.org\/wp-content\/uploads\/2026\/02\/ccbysaBenoitDeHaas-horizontal-768x128.png 768w, https:\/\/lespetitsbonhommes.org\/wp-content\/uploads\/2026\/02\/ccbysaBenoitDeHaas-horizontal-1536x256.png 1536w, https:\/\/lespetitsbonhommes.org\/wp-content\/uploads\/2026\/02\/ccbysaBenoitDeHaas-horizontal.png 1678w\" sizes=\"auto, (max-width: 1024px) 100vw, 1024px\" \/><\/figure>\n\n\n\n<figure class=\"wp-block-image aligncenter size-full is-resized\"><img loading=\"lazy\" decoding=\"async\" width=\"798\" height=\"417\" src=\"https:\/\/lespetitsbonhommes.org\/wp-content\/uploads\/2026\/02\/ccbysaBenoitDeHaas-1.png\" alt=\"\" class=\"wp-image-2146\" style=\"width:389px;height:auto\" srcset=\"https:\/\/lespetitsbonhommes.org\/wp-content\/uploads\/2026\/02\/ccbysaBenoitDeHaas-1.png 798w, https:\/\/lespetitsbonhommes.org\/wp-content\/uploads\/2026\/02\/ccbysaBenoitDeHaas-1-300x157.png 300w, https:\/\/lespetitsbonhommes.org\/wp-content\/uploads\/2026\/02\/ccbysaBenoitDeHaas-1-768x401.png 768w\" sizes=\"auto, (max-width: 798px) 100vw, 798px\" \/><\/figure>\n\n\n\n<ol class=\"wp-block-list\">\n<li><strong>Partage dans les M\u00eames Conditions<\/strong> \u2014 Dans le cas o\u00f9 vous effectuez un remix, que vous transformez, ou cr\u00e9ez \u00e0 partir du mat\u00e9riel composant l&rsquo;illustration originale, vous devez diffuser l&rsquo;illustration modifi\u00e9e dans les m\u00eame conditions, c&rsquo;est \u00e0 dire avec <a href=\"https:\/\/creativecommons.org\/licenses\/by-sa\/4.0\/deed.fr#ref-same-license\">la m\u00eame licence<\/a> avec laquelle l&rsquo;illustration originale a \u00e9t\u00e9 diffus\u00e9e.<\/li>\n\n\n\n<li><strong>Pas de restrictions compl\u00e9mentaires<\/strong> \u2014 Vous n&rsquo;\u00eates pas autoris\u00e9 \u00e0 appliquer des conditions l\u00e9gales ou des <a href=\"https:\/\/creativecommons.org\/licenses\/by-sa\/4.0\/deed.fr#ref-technological-measures\">mesures techniques<\/a> qui restreindraient l\u00e9galement autrui \u00e0 utiliser l&rsquo;illustration dans les conditions d\u00e9crites par la licence.<\/li>\n<\/ol>\n\n\n\n<p class=\"has-small-font-size\"><em><a href=\"https:\/\/creativecommons.org\/licenses\/by-sa\/4.0\/deed.fr\">https:\/\/creativecommons.org\/licenses\/by-sa\/4.0\/deed.fr<\/a><a href=\"\"><\/a><\/em><\/p>\n","protected":false},"excerpt":{"rendered":"<p>Les illustrations sont sous licence Creative Commons. Vous \u00eates autoris\u00e9 \u00e0 : Selon les conditions suivantes : https:\/\/creativecommons.org\/licenses\/by-sa\/4.0\/deed.fr<\/p>\n","protected":false},"author":1,"featured_media":0,"parent":0,"menu_order":0,"comment_status":"closed","ping_status":"closed","template":"","meta":{"footnotes":""},"class_list":["post-936","page","type-page","status-publish","hentry"],"jetpack_sharing_enabled":true,"_links":{"self":[{"href":"https:\/\/lespetitsbonhommes.org\/index.php\/wp-json\/wp\/v2\/pages\/936","targetHints":{"allow":["GET"]}}],"collection":[{"href":"https:\/\/lespetitsbonhommes.org\/index.php\/wp-json\/wp\/v2\/pages"}],"about":[{"href":"https:\/\/lespetitsbonhommes.org\/index.php\/wp-json\/wp\/v2\/types\/page"}],"author":[{"embeddable":true,"href":"https:\/\/lespetitsbonhommes.org\/index.php\/wp-json\/wp\/v2\/users\/1"}],"replies":[{"embeddable":true,"href":"https:\/\/lespetitsbonhommes.org\/index.php\/wp-json\/wp\/v2\/comments?post=936"}],"version-history":[{"count":3,"href":"https:\/\/lespetitsbonhommes.org\/index.php\/wp-json\/wp\/v2\/pages\/936\/revisions"}],"predecessor-version":[{"id":2147,"href":"https:\/\/lespetitsbonhommes.org\/index.php\/wp-json\/wp\/v2\/pages\/936\/revisions\/2147"}],"wp:attachment":[{"href":"https:\/\/lespetitsbonhommes.org\/index.php\/wp-json\/wp\/v2\/media?parent=936"}],"curies":[{"name":"wp","href":"https:\/\/api.w.org\/{rel}","templated":true}]}}